at is i(-29)?
71
Let d(y) = 8*y**2 + 6*y + 12. Determine d(-5).
182
Let j(x) = 11*x**2 - 4*x - 20. Calculate j(-4).
172
Let p(k) = 23*k**2 + 33*k - 11. What is p(3)?
295
Let g(f) = -6*f + 295. What is g(45)?
25
Let l(n) = -2*n**3 + 99*n**2 - 50*n + 36. What is l(49)?
-13
Let x(t) = 13*t**2 - 70*t - 12. Determine x(7).
135
Let o(y) = -5*y**2 - 17*y + 122. Give o(-7).
-4
Let q(m) = m**2 - 133*m + 4131. Give q(87).
129
Let o(f) = -2*f**3 + 43*f**2 + 16*f - 26. Give o(22).
-158
Let d(h) = -h**2 + 40*h - 90. What is d(38)?
-14
Let i(x) = 110*x + 6542. What is i(-59)?
52
Let n(a) = 42*a - 4. Determine n(3).
122
Let q(l) = -5*l**2 - 250*l - 16. What is q(-50)?
-16
Let a(u) = -u**2 - 127*u - 2. Give a(0).
-2
Let u(f) = -68*f**2 + 479*f - 17. What is u(7)?
4
Let k(t) = 7330*t + 7323. Calculate k(-1).
-7
Let j(f) = -139*f - 2492. What is j(-18)?
10
Let f(j) = j**3 + 9*j**2 + 311*j + 3193. What is f(-10)?
-17
Let q(c) = 35*c + 2060. Determine q(-61).
-75
Let a(n) = 121*n - 19376. What is a(160)?
-16
Let x(a) = -101*a - 10706. Calculate x(-106).
0
Let n(l) = -14*l**3 - 2*l - 4. Calculate n(-2).
112
Let k(q) = 54*q - 282. Give k(3).
-120
Let o(u) = u**3 - 75*u**2 - u + 71. Determine o(75).
-4
Let j(i) = -132*i + 569. What is j(4)?
41
Let k(p) = -30*p**2 - 47*p + 23. Determine k(-2).
-3
Let q(p) = p**3 + 47*p**2 - 95*p + 138. Calculate q(-49).
-9
Let z(m) = -300*m + 2357. What is z(8)?
-43
Let y(z) = -2*z**2 + 56*z - 19. What is y(24)?
173
Let x(m) = -m**2 - 33*m - 266. Give x(-15).
4
Let c(p) = 2*p**3 - 82*p**2 + 158*p - 25. Calculate c(39).
53
Let u(r) = r**3 + 27*r**2 - 468*r - 38. Give u(12).
-38
Let j(s) = 14*s + 40. Determine j(-4).
-16
Let p(s) = -2*s**2 + 234*s - 695. Give p(3).
-11
Let g(l) = 26*l - 242. What is g(9)?
-8
Let c(o) = 46*o + 1570. What is c(-37)?
-132
Let s(u) = u**3 - u**2 + 264*u - 262. Determine s(1).
2
Let k(o) = 2*o**2 - 28*o + 48. Give k(12).
0
Let o(v) = -21*v - 101. Determine o(-8).
67
Let p(s) = 331*s - 3639. Calculate p(11).
2
Let h(q) = q**2 + 90*q + 1187. Determine h(-18).
-109
Let r(c) = 2*c**2 + 81*c - 72. Give r(-42).
54
Let y(m) = -7*m**2 + 469*m + 109. Give y(67).
109
Let s(r) = -4*r**2 + 870*r + 4004. Determine s(222).
8
Let g(u) = 2*u**3 + 2*u**2 - 8*u + 3. Determine g(3).
51
Let y(i) = -5*i + 108. Determine y(16).
28
Let i(d) = 6*d**2 + 128*d + 755. Calculate i(-8).
115
Let d(o) = -12349*o - 24724. What is d(-2)?
-26
Let m(d) = 2*d**3 + 405*d**2 + 202*d + 1. Give m(-202).
1
Let x(p) = 2*p**3 - 54*p**2 - 25*p + 12. What is x(27)?
-663
Let q(m) = 7*m**3 + 24*m**2 + 71*m - 24. What is q(-4)?
-372
Let x(k) = 73*k - 1. Determine x(-3).
-220
Let h(o) = -94*o - 35. Calculate h(-1).
59
Let o(m) = -m**2 + 9*m - 11. Give o(7).
3
Let d(x) = -2*x**3 + 43*x**2 + 103*x + 44. What is d(24)?
-364
Let f(q) = -2553*q - 51056. Give f(-20).
4
Let c(d) = d**3 - d**2 + d + 3. What is c(0)?
3
Let f(l) = -203*l - 202. Calculate f(-1).
1
Let m(p) = -p**3 - 8*p**2 - 16*p - 34. Determine m(-8).
94
Let m(w) = w**2 + 76*w - 1492. Give m(16).
-20
Let v(y) = -6*y + 239. Determine v(39).
5
Let y(i) = i**3 + 77*i**2 - 850*i - 13. Determine y(10).
187
Let c(i) = i**3 + i**2 - 7*i + 1. Determine c(3).
16
Let h(z) = -2*z**2 - 78*z - 218. Calculate h(-3).
-2
Let a(f) = -85*f + 682. Determine a(8).
2
Let k(t) = -15*t**2 + 25*t + 95. Calculate k(-8).
-1065
Let i(x) = x**2 - 15*x - 31. Give i(11).
-75
Let u(r) = r**3 + 52*r**2 - 357*r + 57. Calculate u(6).
3
Let p(r) = -24*r**2 + 218*r - 16. Give p(9).
2
Let y(f) = -92*f - 1654. What is y(-18)?
2
Let n(k) = k**3 - 33*k**2 - 487*k + 153. Give n(44).
21
Let p(d) = -3*d**3 - 29*d**2 - 38*d + 19. What is p(-8)?
3
Let w(c) = 6*c**3 - 14*c**2 + 22*c - 14. Calculate w(2).
22
Let z(l) = -283*l - 13013. What is z(-46)?
5
Let a(t) = -t**3 + t**2 + 2*t - 424. Determine a(0).
-424
Let w(i) = i**2 + 86*i - 1003. Give w(10).
-43
Let z(y) = -2*y**3 + 11*y**2 - 78*y + 467. What is z(7)?
-226
Let b(i) = -9*i**2 - 389*i + 791. Calculate b(2).
-23
Let t(f) = 2*f**3 + 125*f**2 + 59*f - 201. Give t(-62).
-15
Let w(n) = -6*n**2 - 1182*n - 8323. Determine w(-7).
-343
Let w(a) = 4*a**3 - 22*a**2 - 17*a + 59. Determine w(6).
29
Let t(v) = -10*v**3 + 23*v**2 - 2*v - 10. Give t(5).
-695
Let f(c) = -4*c**2 - 19*c + 42. What is f(4)?
-98
Let p(s) = 18*s - 359. Determine p(17).
-53
Let g(a) = 4*a**2 - a + 23. Give g(0).
23
Let o(s) = -s**2 - 347*s - 18330. Give o(-65).
0
Let a(c) = -2*c**3 + 2*c**2 + 22*c - 7. Determine a(4).
-15
Let h(s) = -s**2 - 8*s + 27. Give h(-10).
7
Let k(p) = p**3 + 21*p**2 - 169*p - 1017. Calculate k(-26).
-3
Let z(v) = v**2 + 9*v + 35. Determine z(-9).
35
Let p(a) = -2*a**3 - 83*a**2 + 41*a - 63. What is p(-42)?
-21
Let v(f) = -f**3 - 10*f**2 - 6*f - 214. Determine v(-11).
-27
Let t(c) = c**2 + 10*c - 351. What is t(12)?
-87
Let x(l) = 2*l**2 + 143*l + 2. What is x(-70)?
-208
Let j(h) = -h**3 + 89*h**2 - 80*h - 394. Give j(88).
310
Let m(x) = x**3 - 9*x**2 - 53*x - 26. What is m(13)?
-39
Let s(o) = 34*o**3 - 40*o - 39. What is s(-1)?
-33
Let d(c) = -59*c - 1605. Give d(-27).
-12
Let o(l) = 10*l - 195. What is o(10)?
-95
Let g(w) = -41*w**2 - 8*w + 1. What is g(1)?
-48
Let v(g) = -11*g + 45. Give v(7).
-32
Let a(m) = -187*m + 7. Calculate a(1).
-180
Let q(p) = -7*p**2 + 76*p - 21. Determine q(10).
39
Let t(o) = -o**3 + 9*o**2 - 6*o - 1. What is t(7)?
55
Let d(u) = -337*u - 2705. Calculate d(-8).
-9
Let x(i) = -i**2 + 21*i + 319. What is x(-19)?
-441
Let g(w) = -w**2 + 27*w + 224. What is g(-7)?
-14
Let z(a) = -8634*a - 60429. Determine z(-7).
9
Let a(h) = 2*h**2 - 22*h - 56. Determine a(11).
-56
Let w(g) = 6*g - 17. Determine w(-5).
-47
Let b(d) = -14*d**2 + 6*d - 26. Calculate b(-3).
-170
Let a(g) = -g**3 - 17*g**2 - 38*g - 120. Calculate a(-15).
0
Let o(n) = -n**2 - 85*n - 685. Calculate o(-9).
-1
Let q(k) = k**2 - 926*k + 12767. Give q(14).
-1
Let u(j) = 82*j - 1226. What is u(15)?
4
Let b(w) = w - 233. Calculate b(19).
-214
Let j(i) = -3*i**3 - 49*i**2 - 21*i - 67. What is j(-16)?
13
Let f(a) = 72*a + 425. What is f(-6)?
-7
Let n(f) = 18*f**2 - 476*f + 476. Calculate n(1).
18
Let r(h) = h**2 + 57*h + 844. Give r(-30).
34
Let k(n) = 2*n**2 + 31*n - 1001. Calculate k(-31).
-40
Let h(n) = n**2 + 580*n + 3996. What is h(-7)?
-15
Let s(c) = -378*c**2 + 9824*c + 69. What is s(26)?
-35
Let u(c) = -19*c - 1941. Give u(-84).
-345
Let p(l) = l**3 - 170*l**2 + 1891*l + 795. Determine p(158).
5
Let j(l) = 331*l - 2335. Calculate j(7).
-18
Let w(i) = 5*i**3 - 231*i**2 - 1505*i - 166. Calculate w(52).
-10
Let o(f) = -f**3 + 50*f**2 + 103*f - 7. Determine o(52).
-59
Let l(a) = 2*a - 96. Give l(7).
-82
Let j(s) = 152*s - 18850. Give j(124).
-2
Let q(i) = -i**3 - 206*i**2 + 636*i + 1879. Determine q(-209).
-2
Let l(k) = -22*k + 243. What is l(-8)?
419
Let f(t) = -t**2 + 22*t + 743. Calculate f(40).
23
Let i(a) = a**3 - 43*a**2 + 38*a - 101. Give i(42).
-269
Let p(d) = 5*d**3 + 25*d**2 + d + 16. Calculate p(-5).
11
Let r(j) = -j**3 + 14*j**2 - 38*j + 196. Give r(6).
256
Let q(o) = -138*o + 2924. Give q(21).
26
Let l(r) = -2*r**2 + 18*r + 21. What is l(11)?
-23
Let c(o) = o**3 - 12*o**2 - 20*o + 12. What is c(14)?
124
Let o(w) = -5*w**3 + 30*w**2 + 26*w - 125. Calculate o(7).
-188
Let m(o) = -o**3 + 3*o**2 + 8*o - 41. Give m(0).
-41
Let v(z) = -z**3 + 62*z**2 + 193*z + 347. What is v(65)?
217
Let q(g) = -2*g**2 + 352*g + 2545. What is q(-7)?
-17
Let d(t) = -t**3 - 55*t**2 + 3667*t - 38. Give d(39).
1
Let j(y) = -56*y - 1013. Give j(-6).
-677
Let r(o) = -o**2 + 162*o - 1091. Determine r(7).
-6
Let c(s) = s**2 + 363*s - 38084. What is c(85)?
-4
Let f(v) = v**3 + 20*v**2 - 64*v + 113. Give f(-23).
-2
Let u(o) = -55*o**2 - 3574*o + 61. What is u(-65)?
-4
Let y(h) = 2*h**2 + 75*h - 45. Give y(-38).
-7
Let l(s) = 15085*s + 75416. Determine l(-5).
-9
Let a(z) = -106*z**3 + 8*z**2 - 6*z + 2. Give a(1).
-102
Let m(k) = k**2 + 3*k - 47. Give m(-7).
-19
Let t(j) = 14*j**2 + 3*j + 5. Determine t(-3).
122
Let s(n) = -170*n + 12181. Give s(72).
-59
Let k(i) = i**3 + 7*i**2 - 58*i - 191. Calculate k(-3).
19
Let j(o) = -113*o + 848. Calculate j(7).
57
Let y(b) = -2*b**3 + 49*b**2 + 20*b + 132. Calculate y(25).
7
Let m(i) = 17*i**2 + 12*i - 10. What is m(1)?
19
Let j(k) = -k**2 + 100*k - 2394. What is j(61)?
-15
Let o(d) = 2*d**2 + 15